b4a (base 14) to base 9.
-3038
What is 2000 (base 4) in base 2?
10000000
What is 4340 (base 7) in base 4?
120023
123342 (base 8) to base 5
2331342
What is -b987 (base 12) in base 9?
-30884
Convert -1077 (base 9) to base 5.
-11144
What is -10b4 (base 13) in base 6?
-14504
Convert 480 (base 12) to base 16.
2a0
Convert -974 (base 10) to base 16.
-3ce
What is -1341 (base 9) in base 3?
-1101101
What is -575 (base 11) in base 2?
-1010101111
Convert -40101 (base 5) to base 13.
-11c4
-100101010111 (base 2) to base 4
-211113
Convert 1122 (base 5) to base 12.
116
Convert -4133 (base 8) to base 6.
-13523
What is a92 (base 15) in base 5?
34022
What is 41400 (base 7) in base 14?
39a7
What is -3169 (base 10) in base 5?
-100134
1212032 (base 4) to base 2
1100110001110
Convert -12157 (base 11) to base 7.
-101660
-2223421 (base 5) to base 7
-222251
What is 9245 (base 13) in base 2?
100111011001000
What is -1040 (base 5) in base 15?
-9a
Convert 68 (base 12) to base 7.
143
What is 72 (base 10) in base 3?
2200
-17509 (base 12) to base 14
-c333
-231404 (base 5) to base 3
-102110102
What is -10100100101110 (base 2) in base 4?
-2210232
What is -16751 (base 9) in base 11?
-8749
What is 702 (base 10) in base 15?
31c
What is 11111100011 (base 2) in base 3?
2202210
Convert -242214 (base 6) to base 7.
-115645
Convert 111110110 (base 2) to base 8.
766
3b3 (base 15) to base 7
2313
-2ede (base 15) to base 8
-23575
Convert -28 (base 12) to base 7.
-44
Convert -4446 (base 7) to base 9.
-2170
What is 318 (base 16) in base 13?
48c
What is 102320 (base 4) in base 14?
624
1006 (base 7) to base 16
15d
Convert 5342 (base 10) to base 14.
1d38
Convert 2300233 (base 4) to base 10.
11311
300 (base 6) to base 5
413
-10100 (base 2) to base 8
-24
What is -43204 (base 5) in base 10?
-2929
-101110010 (base 2) to base 10
-370
112303 (base 4) to base 15
674
Convert -3644 (base 13) to base 9.
-11452
Convert -1001110021 (base 3) to base 16.
-5107
Convert -30313 (base 7) to base 14.
-297a
What is -14303 (base 6) in base 9?
-3103
Convert -15530 (base 6) to base 3.
-10112100
-212112010 (base 3) to base 14
-636c
Convert 10 (base 10) to base 12.
a
Convert -132013 (base 6) to base 3.
-121121100
Convert -4141 (base 11) to base 12.
-3216
868 (base 16) to base 15
987
-490 (base 11) to base 16
-247
Convert -17213 (base 9) to base 5.
-334323
381 (base 14) to base 9
858
-1577 (base 8) to base 10
-895
Convert -2506 (base 7) to base 15.
-427
What is 850 (base 13) in base 8?
2611
20220230 (base 4) to base 14
cc68
-120002211 (base 3) to base 9
-16084
What is 33d7 (base 16) in base 4?
3033113
What is 7297 (base 11) in base 8?
22701
What is 21ea (base 16) in base 9?
12816
Convert 1435 (base 12) to base 13.
10b5
-175 (base 8) to base 14
-8d
Convert -13654 (base 10) to base 15.
-40a4
What is -35a37 (base 11) in base 7?
-304050
47b6 (base 15) to base 2
11101110001110
What is -1171 (base 12) in base 6?
-13021
341b (base 12) to base 8
13227
-664 (base 7) to base 11
-28a
-460 (base 11) to base 8
-1046
Convert -2713 (base 8) to base 4.
-113023
733 (base 8) to base 12
337
What is -698 (base 10) in base 8?
-1272
What is -6693 (base 11) in base 10?
-8814
1435 (base 7) to base 10
565
Convert -32cd (base 14) to base 3.
-110002010
Convert -24210 (base 5) to base 13.
-a8b
Convert 3341 (base 6) to base 10.
781
Convert 2122222 (base 3) to base 11.
1507
1010010001111 (base 2) to base 8
12217
What is -44313 (base 6) in base 2?
-1100000010101
Convert -201033 (base 4) to base 3.
-2220210
What is -246 (base 9) in base 15?
-d9
-ba26 (base 14) to base 15
-9803
2e58 (base 16) to base 12
6a48
What is -4313 (base 9) in base 15?
-e16
What is -224 (base 5) in base 13?
-4c
What is -58aa (base 13) in base 7?
-51243
-201120 (base 4) to base 7
-6141
What is -1380 (base 10) in base 14?
-708
What is 226 (base 8) in base 5?
1100
-2001122 (base 4) to base 3
-102100202
5c5 (base 15) to base 13
79a
What is 2657 (base 9) in base 6?
13124
Convert -2443 (base 6) to base 10.
-603
What is -372 (base 8) in base 14?
-13c
Convert -232134 (base 6) to base 8.
-46732
What is 5855 (base 10) in base 2?
1011011011111
c7 (base 16) to base 10
199
What is 322323 (base 4) in base 11?
2919
1935 (base 10) to base 3
2122200
What is -231000 (base 4) in base 15?
-cc0
Convert 3c6 (base 13) to base 5.
10134
What is 865 (base 9) in base 5?
10312
Convert 253 (base 7) to base 4.
2020
Convert 1056 (base 14) to base 7.
11136
What is 360d (base 16) in base 6?
144021
Convert 101222 (base 3) to base 5.
2141
Convert -66 (base 9) to base 10.
-60
What is -25666 (base 7) in base 6?
-51431
What is 2020220 (base 3) in base 8?
3154
What is -335 (base 11) in base 13?
-24b
What is -a415 (base 14) in base 3?
-1102202001
Convert 321 (base 5) to base 2.
1010110
-1004023 (base 5) to base 15
-4bad
Convert 61b (base 14) to base 10.
1201
What is -220021021 (base 3) in base 11?
-12324
-1344 (base 14) to base 11
-2604
Convert 5051 (base 7) to base 8.
3327
Convert 1245 (base 7) to base 15.
219
-313034 (base 5) to base 6
-120042
Convert -860 (base 11) to base 13.
-617
What is -12212 (base 4) in base 13?
-266
-4823 (base 11) to base 15
-1d12
Convert -49aa (base 16) to base 14.
-6c30
101010000 (base 2) to base 13
1cb
What is -e3 (base 15) in base 12?
-159
What is -18dd (base 14) in base 12?
-2737
-16757 (base 10) to base 5
-1014012
Convert -36b (base 13) to base 3.
-211002
Convert 20222211 (base 3) to base 15.
179d
-11e (base 15) to base 2
-11111110
Convert 3bc (base 16) to base 7.
2534
Convert -200435 (base 7) to base 13.
-1252a
Convert -254 (base 8) to base 14.
-c4
-2032121 (base 4) to base 3
-110111112
What is -944 (base 13) in base 3?
-2011102
-2411 (base 5) to base 14
-1b6
What is -10213 (base 5) in base 14?
-36b
1164 (base 9) to base 13
51a
-35354 (base 12) to base 15
-16214
Convert -201022022 (base 3) to base 9.
-21268
-121 (base 13) to base 6
-524
What is -159 (base 13) in base 7?
-465
300011 (base 4) to base 14
119b
Convert -2442 (base 6) to base 9.
-738
Convert 25e (base 16) to base 14.
314
What is 34743 (base 8) in base 9?
22285
Convert -8b6 (base 15) to base 9.
-2630
What is -1202222221 (base 3) in base 8?
-104256
Convert -1c87 (base 14) to base 5.
-131330
What is -2531 (base 10) in base 15?
-b3b
-11a3 (base 11) to base 14
-7db
Convert 281 (base 16) to base 13.
3a4
Convert -325223 (base 7) to base 11.
-39957
Convert -1225 (base 6) to base 16.
-131
-44020 (base 6) to base 3
-22022110
What is -2077 (base 11) in base 12?
-170a
Convert 10112220 (base 4) to base 8.
42650
Convert 2a9 (base 14) to base 10.
541
-a02 (base 12) to base 9
-1872
What is -15585 (base 11) in base 12?
-1088a
What is -5044 (base 12) in base 4?
-2013310
Convert 1100023 (base 4) to base 9.
7031
What is 5237 (base 14) in base 13?
65a4
Convert -527 (base 13) to base 7.
-2363
-43377 (base 11) to base 15
-13a04
Convert 3cb2 (base 16) to base 8.
36262
What is 26a (base 12) in base 6?
1414
Convert -51 (base 15) to base 7.
-136
Convert -100101100 (base 2) to base 9.
-363
14305 (base 13) to base 7
215245
Convert -20111012 (base 3) to base 11.
-3610
Convert -3481 (base 10) to base 8.
-6631
What is -365 (base 11) in base 4?
-12302
-2434 (base 5) to base 3
-111200
Convert 943 (base 11) to base 2.
10001110000
Convert 211102 (base 3) to base 9.
742
Convert 3222 (base 4) to base 11.
1a3
4116 (base 7) to base 6
10350
-312213 (base 4) to base 6
-24103
122 (base 10) to base 14
8a
Convert -423232 (base 6) to base 7.
-202253
-60c0 (base 13) to base 10
-13338
Convert -11310 (base 5) to base 14.
-434
What is -266 (base 15) in base 16?
-222
-50b (base 14) to base 13
-5b3
-2000111100 (base 3) to base 10
-39726
200012012 (base 3) to base 15
3de2
Convert -113321 (base 4) to base 16.
-5f9
Convert 461 (base 10) to base 12.
325
What is 51219 (base 10) in base 4?
30200103
Convert 21123132 (base 4) to base 12.
1a426
What is -521 (base 9) in base 5?
-3144
What is -2e0 (base 15) in base 7?
-1632
What is 5265 (base 7) in base 3?
2112220
Convert 52244 (base 6) to base 16.
1b64
11114 (base 12) to base 7
122650
What is 114100 (base 5) in base 3?
12212100
What is -12005 (base 7) in base 13?
-153b
What is 832 (base 13) in base 14?
717
What is -b70 (base 16) in base 7?
-11352
Convert -1100212 (base 3) to base 7.
-2621
What is -145 (base 14) in base 10?
-257
W